**2 - 1. Suppose 2*j - 36 = -2*j. Suppose j = 3*r + 2*g, -5*r - 13 = -4*g - 6. Determine f(r).
5
Let l(n) = -n**3 - 4*n**2 - 3*n - 3. Suppose -9 = -t - 3*g, 2*t + 4*g - 28 + 6 = 0. Suppose -3 + t = -4*c. Give l(c).
-3
Suppose 0 = 5*m - 10, -3*t + 12 = -t + 5*m. Let u(k) be the first derivative of t + 3/2*k**2 + k. Give u(-2).
-5
Let t(y) = -y - 4. Suppose 3 = 3*d + 24. Give t(d).
3
Let n(c) be the third derivative of c**4/4 - c**3/3 + 33*c**2. Calculate n(-4).
-26
Let s = 45 + -46. Let g(h) = 10*h**2 - 4*h - 4. Let p(j) = -j - 1. Let a(w) = g(w) - 5*p(w). Give a(s).
10
Let m(j) = -3*j**3 + j - 1. Let g(y) = y + 13. Let w be g(-6). Suppose 2*u + 18 = 3*h - 26, 5*u + 152 = -3*h. Let q be (-2)/w - 36/u. Calculate m(q).
-3
Let n(s) be the first derivative of -s**3/3 - s**2/2 - 4*s + 13. Give n(4).
-24
Let d = -4 - -11. Let u(r) = 3*r**2 - 8 - 4*r**2 - r + 9*r. Let c be u(d). Let j(k) = -5*k**2 - 2*k - 1. Give j(c).
-4
Let y(m) = 15*m**2 - 7*m + 7. Let h(p) = 7*p**2 - 3*p + 3. Let l(x) = -9*h(x) + 4*y(x). What is l(1)?
-3
Let s(z) = 0 - 1 + 0 - 4*z. Suppose o = -5*j - 1, -o - 3*j = -6*j + 1. Calculate s(o).
3
Let d = 20 + -36. Let c = 12 + d. Let w(a) = 3*a + 4. Give w(c).
-8
Let j(d) be the second derivative of -d**5/20 - d**4 - 2*d**3 - 2*d**2 - 19*d. Determine j(-11).
7
Let h(r) be the third derivative of r**4/24 + r**3/2 + 7*r**2. Let f(u) = 3*u + 6. Let z(k) = -2*k - 6. Let b(w) = 3*f(w) + 4*z(w). Let d be b(6). What is h(d)?
3
Let a(t) = t**3 + 8*t**2 - t - 4. Let n be a(-8). Let l(h) = -1 - 1 + 5*h + h**2 + h**2 - h**3 + h. Give l(n).
-10
Let j(m) be the second derivative of -m**3/2 - 5*m**2/2 - 22*m. Let w = 10 + -14. Give j(w).
7
Let w(b) = -11*b**3 + 10*b**2 + 13*b - 3. Let y(n) = -5*n**3 + 5*n**2 + 6*n - 2. Let h(s) = -4*w(s) + 9*y(s). Let i be 22/8 - 9/12. Let z = 7 - i. Give h(z).
4
Let z be -6*3/9*-1. Let n(w) = 7. Let m(r) = r - 6. Let g(s) = -4*m(s) - 3*n(s). What is g(z)?
-5
Suppose -70 = -5*d - 4*t, t = 5*d + 4*t - 65. Let c be (-16)/d - 12/30. Let i(u) = 2*u**3 + 2*u**2 + u. Give i(c).
-10
Let r = -2 - -1. Let t be r + -3 - (0 + 0). Let o = t + 1. Let c(h) = h + 3. What is c(o)?
0
Let s = -7 + 10. Suppose s*b = -b - 4. Let o(v) = -6*v**3 - 2*v**2 - v. Determine o(b).
5
Suppose -4*z - z - 20 = 0. Let l(w) = -w**3 + w**2 - 1. Let q(d) = -6*d**3 - 3*d - 5. Let s(k) = -5*l(k) + q(k). What is s(z)?
-4
Let v(d) = -d**2 - d. Let c be v(-1). Let o(q) be the third derivative of 1/60*q**5 + 0 + 0*q - 2*q**2 + 0*q**4 + 0*q**3. Give o(c).
0
Let x(w) be the first derivative of 2*w**3/3 - 3*w**2 + 2*w + 5. Let t = 8 + -4. Determine x(t).
10
Let p(i) = -i**3 - 4*i**2 + i + 4. Let w(r) = -r**3 - 7*r**2 - r - 10. Let y be w(-7). Determine p(y).
-8
Let m(t) = -t + 5. Let g(w) = -w + 12. Let h be (-1)/1 + 4*2. Let v be g(h). Calculate m(v).
0
Let y(u) = -u**3 - 2*u**2 + 4*u. Let r be -2*((-15)/2)/(-5). Determine y(r).
-3
Let r(c) = c + 4. Let i(t) be the third derivative of -t**4/8 + t**3/6 - 3*t**2. Let d be (-36)/(-21) - (-4)/14. Let j be i(d). Give r(j).
-1
Suppose -2*r - 2*w - 25 = -7*w, 5*r = 4*w - 20. Let g(k) = 2 + 0 + r - 2*k + k**2. What is g(4)?
10
Let g(l) be the first derivative of 7*l**4/4 + 1. Let h(c) = 2*c**3 - c**2 - c. Let j be h(-1). Let v be (-2 - (-3 - -3))/j. Determine g(v).
7
Let r(w) = -10*w - 7. Let o(f) = -9*f - 6. Let d(l) = -6*o(l) + 5*r(l). Let q = -21 + 25. Let n(u) = -5*u - 1. Let t(v) = q*d(v) + 3*n(v). Give t(-1).
0
Let k(h) = -h**2 - 4*h + 7. Let z be k(-6). Let r(j) = j + 1. Let t be r(z). Let a(u) = 2*u + 2. Calculate a(t).
-6
Let l be 2/(-4 - (-5)/((-40)/(-34))). Let p(j) = j**2 - 9*j - 1. Determine p(l).
-9
Let y be 13/(-26) + (-2)/4. Let i(s) = -s. Let k(q) = 8*q + 9. Let m(d) = d + 1. Let u(h) = -6*k(h) + 51*m(h). Let w(x) = y*u(x) - 2*i(x). Give w(0).
3
Let a(q) = -5*q**2 + q - 1. Let d(j) = 2*j**2 - 1. Let u be d(1). Let t be a(u). Let v(n) = -n. Determine v(t).
5
Let i(u) = 89 - 90 - 5*u**3 + 10*u**3. Suppose 0*x - 4*x + 4 = 0. Give i(x).
4
Let l(w) = 19 - 18 + 0*w**3 - 2*w**3 - 3*w**2. Give l(-2).
5
Suppose -9*l + 11*l = -8. Let s(y) = y**3 - 3*y**2 - 2. Let j be s(2). Let h(u) = -u - 4. Let g(f) = -f - 4. Let w(v) = j*h(v) + 5*g(v). What is w(l)?
0
Let l = 7 + -5. Let k(j) = 9*j - 4*j + j**l + 1 - 2*j. Suppose -3 = 4*m + 1. Give k(m).
-1
Let s(x) = -x - 1. Let g(v) = -v**3 + 2*v**2 + 2. Let m be g(2). Suppose n = 5*y - 9, m*y + 0*y + n = 5. Suppose -i - 13 = 3*t, 2*i + 2 = -0*i + y*t. Give s(i).
3
Let h(t) = 3 + 9*t**2 - 2 + t**3 + 4*t - 3*t**2. Let p be 28/16 + 2/8. Suppose -2*f - 20 = p*f. Give h(f).
6
Suppose 0 = -3*h + w - 3, h - 2*w = -0*w - 1. Let i(j) = 1. Let u(c) = -c + 2. Let o(g) = h*u(g) + 4*i(g). What is o(-7)?
-5
Let b(t) = t**3 + 6*t**2 + t + 9. Let q(o) = o**3 + 6*o**2 + o + 10. Let x(s) = 5*b(s) - 4*q(s). Suppose 4*w - 2*p = -20, -4*p = -5*w - 21 - 1. Calculate x(w).
-1
Let s = -9 - -24. Suppose 2*g - 10 = -2*g - 2*r, 2*r = -6. Suppose v - g*v = -s. Let h(a) = -a + 2. Calculate h(v).
-3
Let a(u) = -u**3 - u - 2. Suppose 8*s = -8*s. Give a(s).
-2
Let j be (-1)/4 + (-6)/8. Let d(b) be the first derivative of -4*b**2 - b + 67. Determine d(j).
7
Let u be ((-20)/(-6) - 2)/(1/3). Let f(q) = 2*q + 1. What is f(u)?
9
Let q be (-2)/(-3) + 28/(-6). Let d(l) = -4*l - 4*l**2 + 2*l + 3 - l**3 - 5. Calculate d(q).
6
Let b(i) = i**2 - 7*i + 2. Suppose 0 = l - 2*v - 11, 3*l - 3*v + 4*v = 12. Suppose -2*d + 10 = 4*h - 3*h, 26 = l*d + 2*h. What is b(d)?
-4
Suppose 2*x = -16 - 4. Let w = x - -11. Suppose d + w = 3. Let a(t) = t**2 + t - 1. Determine a(d).
5
Let n(k) = 5*k**3 + 5*k**2 - 4*k + 9. Let f(h) = -2*h**3 - 3*h**2 + 2*h - 4. Let p(q) = 7*f(q) + 3*n(q). Give p(6).
11
Let u be ((-3)/9)/(2/(-30)). Let g(m) be the third derivative of -m**6/120 + m**5/12 - m**4/12 + m**3/3 + m**2. Calculate g(u).
-8
Let t = 10 + -6. Let q be 1/(-3) - t/6. Let f(i) = -i**3 - i**2 - 2*i - 1. What is f(q)?
1
Let f(n) = -6*n - 2. Let p(b) = 31*b + 11. Let j(i) = 22*f(i) + 4*p(i). Let a = 60 + -59. Determine j(a).
-8
Let u(s) = -2*s**2 + 6*s - 2. Let h(b) = -5*b**2 + 17*b - 5. Let w(z) = 3*h(z) - 8*u(z). Give w(-2).
-1
Let x = -8 - -5. Let z(j) = -j**2 - 3*j + 1. Let b be z(x). Let m(q) = -29 - 4*q + 28 + 11*q. What is m(b)?
6
Suppose -7 = -2*h + t, -9 - 8 = -4*h - t. Let q(w) = -6*w + 4*w + 1 - h*w + w**2. Calculate q(5).
-4
Let a(n) = -1 + 3*n**2 - 9*n**2 + 14*n - 10*n + n**3. Determine a(5).
-6
Let g(b) = 1. Let j(v) = -v + 5. Let i(c) = -6*g(c) + j(c). Give i(3).
-4
Suppose -4 + 19 = -5*o. Let m(t) = -t - 3 - 1 + 1. Determine m(o).
0
Suppose -v + 5*v - 28 = 2*o, 3*v + 3*o = 12. Let t(r) = r**2 - 6*r + 4. Calculate t(v).
4
Let b(h) = h**2 - 2*h + 4. Let f = -17 + -1. Let s = f - -30. Let g = s - 9. Calculate b(g).
7
Let v(c) be the third derivative of c**6/120 + c**5/12 - c**4/4 + 2*c**3/3 - 22*c**2. Let y(a) = -a**3 - 5*a**2 + 7*a. Let l be y(-6). Give v(l).
4
Suppose 3*d + 1 = -0*d + 5*i, -5*i = d - 33. Let q(z) = z**3 - 8*z**2 - 10. Calculate q(d).
-10
Suppose 5*f + 7 = f - 5*a, -4*f = -5*a + 17. Let z(s) = 3*s - 3. What is z(f)?
-12
Let n = -3 + 7. Suppose -n = -3*t + 2. Suppose -3*o = -2*o - t. Let s(q) = -q**3 + q + 2. What is s(o)?
-4
Let i = -6 + 1. Let o(s) = -s - 1. Let z be o(i). Let p(x) = 5*x**2 + 25*x - 15. Let q(n) = n**2 + 6*n - 4. Let a(k) = -2*p(k) + 9*q(k). Determine a(z).
-6
Let p(d) = -d**2 - 20*d - 28. Let a be p(-18). Let g(i) = -2*i + 9. Calculate g(a).
-7
Let t(a) = a**3 + 8*a**2 + 8*a + 5. Let s be ((-7)/3)/((-21)/(-63)). Determine t(s).
-2
Let r(d) = -8*d - 10. Let i(h) = -h - 1. Let t(q) = 6*i(q) - r(q). Let s be (8/10)/(2/(-10)). Determine t(s).
-4
Let b(y) = y**2 + y - 4. Let d(t) = -t + 9. Let m be d(7). Suppose x + m + 1 = 0. What is b(x)?
2
Let a(x) = 3*x + 6. Let l(n) = n + 3. Let w(u) = 2*a(u) - 5*l(u). Calculate w(6).
3
Let b(r) = -r**3 + r**2 + r + 2. Let x(l) = -l - 9. Let y be x(-8). Let o = y + 1. Suppose o*g = -g. Give b(g).
2
Let g(v) = -v**3 + 3*v**2 + 3. Suppose -44 = 5*j - 59. Give g(j).
3
Let s(i) = -i**2 + 6*i - 2. Suppose -c = 4*c - 4*a, 0 = 2*c + 3*a - 23. Suppose m - 5*w - 23 = 3, m = c*w + 22. Calculate s(m).
-2
Let p(u) = -2*u**2 - 3*u. Let k(x) = -x**2 + 5. Let y be k(0). Suppose d = 2*d - 2*v - y, 0 = 5*v + 10. Let i be (d*(-3)/(-1))/(-1). What is p(i)?
-9
Let u(m